t i(m) = m**2 - 14*m - 27. Calculate i(16).
5
Let b(g) = -6*g**3 - g**2 - 9*g - 9. Give b(-2).
53
Let t(o) = -o**2 - 17*o - 7. What is t(-17)?
-7
Let n(j) = 2*j - 1. Determine n(7).
13
Let y(q) = 2*q**2 - 24*q + 39. What is y(10)?
-1
Let n(p) = 8*p**3 + p**2 - 10*p + 8. Determine n(1).
7
Let b(c) = 28*c - 90. Calculate b(3).
-6
Let o(t) = -8*t**2 + t. Give o(-1).
-9
Let w(b) = 3*b - 13. What is w(3)?
-4
Let g(a) = a**3 + 5*a**2 + 11*a + 3. What is g(-4)?
-25
Let r(a) = 2*a + 19. Give r(0).
19
Let b(q) = q**3 - 3*q**2 - 3*q + 2. Determine b(3).
-7
Let k(z) = z**2 + 14*z + 12. Determine k(-13).
-1
Let j(h) = -h**3 + 13*h**2 - 18*h + 8. Give j(12).
-64
Let f(j) = 2*j + 3. Determine f(-1).
1
Let x(t) = -t**3 + 2. Determine x(-2).
10
Let x(y) = -36*y**2 + 4*y - 8. Give x(2).
-144
Let g(m) = m + 16. Determine g(-12).
4
Let c(r) = -10*r**2 + 2*r + 2. What is c(-2)?
-42
Let s(v) = -v**3 + 52*v**2 - 275*v - 40. Calculate s(46).
6
Let v(t) = t**2 - 4*t + 1. Give v(6).
13
Let x(h) = 6*h**2 + 39*h + 21. Determine x(-6).
3
Let p(y) = 3*y**3 + 14*y**2 + 5*y + 5. Determine p(-4).
17
Let s(h) = -h**3 - 2*h + 5. Calculate s(2).
-7
Let l(k) = k**3 - 9*k**2 - 25*k + 25. What is l(11)?
-8
Let r(s) = s**3 + 12*s**2 + s - 26. What is r(-11)?
84
Let i(z) = -z**2 + 10*z + 1. Determine i(8).
17
Let q(x) = 10*x - 10. Calculate q(0).
-10
Let w(m) = -7*m + 37. Determine w(8).
-19
Let h(g) = -g**2 + 3*g + 1. Give h(2).
3
Let o(p) = -2*p**2 - 33*p + 35. Give o(-17).
18
Let c(v) = 3*v - 43. Give c(14).
-1
Let j(l) = -5*l - 3. Calculate j(-2).
7
Let k(w) = -37*w - 6. What is k(0)?
-6
Let g(x) = x**3 - 9*x**2 + 10*x - 2. What is g(7)?
-30
Let g(x) = x**3 + 28*x**2 - 30*x + 6. Calculate g(-29).
35
Let y(n) = -n**2 - 17*n - 73. What is y(-6)?
-7
Let c(n) = n**3 - 18*n**2 + 20*n - 46. What is c(17)?
5
Let k(p) = p**3 + 6*p**2 - 5*p + 1. Determine k(-6).
31
Let g(p) = -p**2 - 18*p - 17. Give g(-15).
28
Let n(w) = -w**3 - 6*w**2 + 6*w - 8. Calculate n(-7).
-1
Let h(y) = 3*y - 3. Determine h(2).
3
Let s(j) = 3*j**2 + 2*j - 3. Give s(-4).
37
Let y(t) = -t**2 - 16*t - 16. Calculate y(-7).
47
Let w(l) = 12*l - 465. What is w(39)?
3
Let i(b) = 2*b**3 + b**2 - 2*b - 2. Give i(-2).
-10
Let z(x) = -3*x + 3. Determine z(0).
3
Let t(u) = -12*u - 145. What is t(-10)?
-25
Let v(q) = q**3 - q**2 - 3*q - 3. Give v(3).
6
Let a(o) = o**3 + 29*o**2 + 29*o + 28. Calculate a(-28).
0
Let j(g) = -4*g + 26. What is j(11)?
-18
Let o(a) = -a**3 + 12*a**2 - 18*a - 18. Determine o(10).
2
Let w(q) = -2*q**3 + 15*q**2 + 8*q + 5. Determine w(8).
5
Let o(r) = -r**2 + 2*r + 8. Calculate o(-3).
-7
Let r(g) = -g**2 + 13*g - 1. Give r(13).
-1
Let y(u) = -u**3 + 23*u**2 - 25*u + 52. Calculate y(22).
-14
Let y(v) = -v**3 - 2*v**2 + 7. What is y(3)?
-38
Let d(s) = 14*s - 1. Calculate d(3).
41
Let g(h) = 2*h**2 + 24*h + 10. Determine g(-10).
-30
Let d(q) = 8*q + 14. Determine d(-6).
-34
Let s(h) = 12*h + 9. Give s(-3).
-27
Let o(f) = -f - 14. Calculate o(-10).
-4
Let z(q) = 4*q - 18. Determine z(-4).
-34
Let z(n) = 3*n**2 - 8*n + 1. Calculate z(3).
4
Let u(i) = -i**2 - 3*i + 61. Give u(-9).
7
Let d(x) = -x - 14. What is d(0)?
-14
Let d(u) = -u**3 + 7*u**2 + 6*u + 11. Determine d(8).
-5
Let y(l) = l**2 - 13*l + 11. Calculate y(9).
-25
Let y(a) = a**3 - a**2 - 6*a - 4. Calculate y(4).
20
Let u(i) = -i**3 + 16*i**2 - i + 20. What is u(16)?
4
Let w(a) = -a**3 + 3*a**2 + 10*a - 27. Give w(4).
-3
Let u(k) = k**2 - 28*k - 116. Give u(32).
12
Let s(c) = -c - 8. Calculate s(-8).
0
Let k(y) = -y**3 + 25*y**2 + 23*y + 18. What is k(26)?
-60
Let m(w) = w**3 - 8*w**2 - 11*w + 12. What is m(9)?
-6
Let l(x) = x - 12. Give l(7).
-5
Let w(n) = 2*n + 2. What is w(-4)?
-6
Let a(w) = -11*w - 51. Calculate a(-6).
15
Let b(s) = 12*s + 25. Calculate b(-2).
1
Let z(o) = -o**2 + 35*o - 257. Give z(13).
29
Let r(q) = q**2 - 27*q + 148. Determine r(18).
-14
Let q(y) = -y**2 - 8. Calculate q(0).
-8
Let n(y) = -y**3 + 2*y**2 - 3*y. Calculate n(3).
-18
Let p(t) = t - 22. Give p(7).
-15
Let s(b) = 4*b - 7. Calculate s(-9).
-43
Let n(u) = u**3 + 3*u**2 - 4*u - 1. Calculate n(-4).
-1
Let m(p) = -p**3 - 6*p**2 - 9*p - 7. Calculate m(-5).
13
Let r(w) = -8*w**2 - 81*w + 6. What is r(-10)?
16
Let z(y) = -y**3 - y**2 + 28*y + 8. Determine z(-6).
20
Let m(s) = 5*s + 15. Calculate m(-4).
-5
Let r(z) = -z**2 - 3*z - 6. Calculate r(0).
-6
Let t(y) = -10*y**2 - 6*y - 4. Calculate t(-1).
-8
Let o(x) = -x**3 + 5*x**2 + 9*x + 3. Calculate o(7).
-32
Let u(m) = -m**3 - 8*m**2 + 9*m + 2. Calculate u(-9).
2
Let h(z) = -11*z + 49. Give h(9).
-50
Let a(h) = h**2 + 30*h + 28. What is a(-29)?
-1
Let d(t) = -33*t - 76. Determine d(-2).
-10
Let y(k) = -25*k - 29. What is y(-1)?
-4
Let x(m) = -141*m - 851. What is x(-6)?
-5
Let p(v) = 2*v + 11. Give p(-16).
-21
Let t(j) = -3*j + 65. Calculate t(19).
8
Let r(t) = t + 9. What is r(-7)?
2
Let r(g) = 28*g - 55. What is r(3)?
29
Let g(f) = 4*f**3 + 4*f**2 - 4*f - 12. What is g(-2)?
-20
Let k(p) = -p**3 + 2*p**2 + 15*p. Give k(6).
-54
Let z(g) = -g**3 + 5*g**2 + 6*g + 10. Determine z(6).
10
Let x(u) = -u**2 - 5*u - 2. Calculate x(5).
-52
Let y(d) = 3*d**2 + 18*d - 17. Give y(-6).
-17
Let r(x) = -x**2 - 21*x - 16. Give r(-20).
4
Let c(w) = 5*w**3 - 8*w**2 + 5*w + 2. Give c(1).
4
Let x(p) = -16*p - 140. Give x(-8).
-12
Let a(t) = t**3 - t**2 - 2*t + 2. Calculate a(-2).
-6
Let v(x) = -x**3 - 16*x**2 + 18*x + 17. What is v(-17)?
0
Let b(t) = -5*t**2 + 27*t + 24. What is b(6)?
6
Let j(q) = -q**3 + 8*q**2 - 16*q - 2. Give j(3).
-5
Let i(m) = -m**3 - 8*m**2 - 6*m + 14. Calculate i(-7).
7
Let r(t) = -t**2 + 49*t - 220. Calculate r(44).
0
Let g(n) = -18*n - 224. Give g(-12).
-8
Let a(o) = -o + 46. Determine a(-16).
62
Let o(s) = 17*s + 37. What is o(-3)?
-14
Let k(y) = -13*y - 78. What is k(-6)?
0
Let f(k) = -2*k**2 + 8*k + 8. Determine f(7).
-34
Let y(p) = -3*p**2 + 29*p + 7. Determine y(8).
47
Let h(f) = -f**2 - 22*f + 7. What is h(-23)?
-16
Let j(n) = -n**2 - 25. Determine j(0).
-25
Let k(y) = y**2 + 14*y + 74. Determine k(-6).
26
Let v(r) = -r**3 - 5*r**2 + 11*r - 10. What is v(-7)?
11
Let c(b) = -b**2 + 12*b - 29. Calculate c(7).
6
Let r(w) = 10*w**2 + w. What is r(-2)?
38
Let n(c) = -c**2 - c - 10. Determine n(-7).
-52
Let j(r) = r**3 - 5*r**2 + 3*r + 4. Calculate j(4).
0
Let n(i) = i - 8. Calculate n(-13).
-21
Let l(f) = 2*f - 30. Calculate l(18).
6
Let o(k) = -4*k - 19. Calculate o(-10).
21
Let d(m) = -m**3 - 5*m**2 + 3. Give d(-5).
3
Let m(h) = h**3 - h**2 - h + 1. Calculate m(-1).
0
Let y(o) = 6*o**3 + o**2 - 1. Give y(1).
6
Let g(l) = 2*l - 2. Calculate g(14).
26
Let j(r) = 3*r**3 - 4*r**2 + 3*r. Give j(2).
14
Let g(w) = -w**2 - w - 2. Calculate g(-3).
-8
Let n(s) = -s**3 + 4*s**2 + 15*s - 21. Calculate n(6).
-3
Let o(x) = -x**2 + 23*x + 22. What is o(21)?
64
Let q(n) = n**2 + 6*n - 10. What is q(-8)?
6
Let g(c) = c**2 - 9*c - 7. What is g(7)?
-21
Let i(w) = -4*w - 19. Give i(5).
-39
Let f(b) = b**3 - 13*b**2 + 4*b - 12. Calculate f(13).
40
Let x(v) = 2*v**2 - 7*v + 8. Calculate x(4).
12
Let k(t) = -3*t - 24. Give k(-9).
3
Let u(i) = 17*i - 135. Calculate u(8).
1
Let f(z) = -z**3 + 6*z**2 - 11*z. Give f(6).
-66
Let v(l) = -9*l - 2. Give v(-2).
16
Let m(k) = 7*k - 9. Calculate m(2).
5
Let v(s) = 5*s + 33. Give v(-7).
-2
Let h(x) = 2*x**2 + 7*x - 23. What is h(5)?
62
Let l(a) = -2*a**3 + 14*a**2 + a + 12. Give l(7).
19
Let l(t) = -t**2 + 6*t + 7. Determine l(5).
12
Let a(f) = -f**3 + 6*f**2 + 13*f - 97. Give a(5).
-7
Let u(g) = 4*g - 8. Calculate u(3).
4
Let o(d) = -2*d - 30. Give o(-15).
0
Let k(y) = y**3 - 19*y**2 + 16*y + 9. Calculate k(18).
-27
Let f(o) = o**3 + 8*o**2 - o - 1. What is f(-8)?
7
Let i(k) = -k**3 + 8*k**2 + 6*k + 35. Calculate i(9).
8
Let n(w) = 2*w**2 + 67*w + 29. What is n(-33)?
-4
Let l(h) = -h**2 - 6*h + 6. Give l(-5).
11
Let n(s) = -7*s + 16. Give n(2).
2
Let o(g) = -g**3 + 10*g**2 - 12*g + 7. Determine o(8).
39
Let h(y) = y**3 + 4*y**2 + 18*y + 72. Determine h(-4).
0
Let g(y) = 2*y**2 - 32*y + 26. What is g(15)?
-4
Let c(l) = 281*l - 1686. Give c(6).
0
Let u(b) = b**3 + 9*b**2 - 22*b - 7. Calculate u(-11).
-7
Let j(s) = s**3 + 5*s**2 - 25*s + 9. What is j(-8)?
17
Let j(f) = -f**3 + f**2 - f. Calculate j(0).
0
Let h(a) = 4*a - 12. Calculate h(9).
24
Let t(k) = k**3 + 10*k**2 + 4. Give t(-10).
4
Let r(